9522?
False
Is 74 a factor of 10822173?
False
Is 3256 a factor of 467294608?
True
Is 22771714 a multiple of 988?
False
Is 2101 a factor of 190682558?
True
Is 1915826834 a multiple of 6782?
True
Is 58 a factor of 75374957?
False
Does 98 divide 7621656?
True
Is 282 a factor of 226957830?
True
Is 253 a factor of 1155216975?
True
Is 20666752 a multiple of 4?
True
Is 340070422 a multiple of 83?
True
Is 390430340 a multiple of 332?
True
Does 351 divide 1854159606?
True
Does 77 divide 2166341721?
False
Is 157513529 a multiple of 5?
False
Is 3115380 a multiple of 12?
True
Does 83 divide 294928277?
False
Is 34 a factor of 58887050?
False
Is 12 a factor of 12511692?
True
Does 114 divide 1053012617?
False
Does 35 divide 18756608?
False
Is 26 a factor of 28511437?
False
Is 108 a factor of 68180400?
True
Does 154 divide 238561634?
False
Is 754023474 a multiple of 9?
True
Is 147752119 a multiple of 13?
False
Is 15116805 a multiple of 15?
True
Is 270 a factor of 68438517?
False
Does 14 divide 974039878?
True
Is 113712487 a multiple of 49?
True
Is 1858514 a multiple of 4?
False
Does 13 divide 361166343?
False
Is 38 a factor of 2160376?
True
Is 1207 a factor of 91170745?
True
Is 6 a factor of 22135487?
False
Does 85 divide 390783292?
False
Is 16 a factor of 20605718?
False
Does 438 divide 387657422?
False
Does 13 divide 734535568?
True
Does 170 divide 4788667?
False
Does 7 divide 3206267?
False
Does 2298 divide 4217974766?
False
Does 723 divide 11277354?
True
Is 3375 a factor of 1725350295?
False
Is 166770238 a multiple of 6?
False
Is 134222836 a multiple of 44?
True
Does 2149 divide 182968978?
False
Does 393 divide 274212182?
False
Is 175817766 a multiple of 281?
True
Does 307 divide 405972502?
True
Is 105 a factor of 24201555?
True
Does 78 divide 18911412?
True
Is 139722418 a multiple of 21?
False
Does 19 divide 1676536803?
False
Does 14 divide 962553847?
False
Is 5242730 a multiple of 557?
False
Does 38 divide 80205954?
True
Is 14 a factor of 42438171?
False
Does 2380 divide 1694500014?
False
Does 341 divide 3994458996?
True
Does 702 divide 7241028210?
True
Is 32059783 a multiple of 1504?
False
Is 59169462 a multiple of 229?
False
Is 129 a factor of 81349980?
True
Is 64201599 a multiple of 7?
True
Is 1371 a factor of 396353758?
False
Does 2156 divide 1216154119?
False
Is 54879264 a multiple of 5?
False
Is 1443332 a multiple of 22?
True
Does 6 divide 11464500?
True
Does 2906 divide 3832226474?
True
Is 98474927 a multiple of 15?
False
Is 95 a factor of 3452744?
False
Is 34793703 a multiple of 471?
False
Does 1059 divide 388824580?
False
Is 700322 a multiple of 14?
True
Is 4289421 a multiple of 34?
False
Is 3209 a factor of 1134307693?
True
Is 74527678 even?
True
Does 633 divide 20890082?
False
Is 7154296771 a multiple of 315?
False
Does 528 divide 12355326?
False
Is 62 a factor of 454548970?
True
Is 71088089 a multiple of 22?
False
Does 1296 divide 3972867?
False
Is 55294081 a multiple of 30?
False
Is 381004832 a multiple of 208?
True
Is 457223052 a multiple of 27?
False
Does 16 divide 26398976?
True
Is 35 a factor of 11491795?
True
Does 21 divide 3750775938?
True
Is 5638 a factor of 194164546?
False
Is 3200736 a multiple of 168?
True
Is 202 a factor of 134904564?
False
Is 658189801 a multiple of 6892?
False
Is 53 a factor of 5607694?
False
Is 181659660 a multiple of 182?
True
Is 575401984 a multiple of 4762?
True
Does 227 divide 40021689?
True
Is 39760656 a multiple of 156?
True
Is 158 a factor of 440760592?
True
Is 1098714112 a multiple of 128?
True
Is 55253340 a multiple of 12?
True
Is 359 a factor of 21992699?
True
Does 12 divide 94153152?
True
Does 42 divide 999559896?
False
Is 202 a factor of 34675926?
True
Is 110 a factor of 134294559?
False
Does 43 divide 520573?
False
Does 21 divide 32028423?
True
Is 155195950 a multiple of 163?
False
Does 50 divide 801298500?
True
Is 3 a factor of 1179741?
True
Is 853446 a multiple of 66?
True
Is 193927 a multiple of 53?
True
Is 370677996 a multiple of 36?
True
Is 18333458 a multiple of 338?
True
Is 134 a factor of 13654211?
False
Is 3 a factor of 19779416?
False
Is 2829186 a multiple of 13?
False
Is 785895163 a multiple of 117?
False
Is 50564817 even?
False
Is 11 a factor of 643664986?
False
Does 7 divide 281038632?
True
Is 1900488604 a multiple of 82?
False
Is 1541647772 a multiple of 28?
True
Does 47 divide 4425935205?
False
Does 4512 divide 76117525?
False
Does 1019 divide 877282575?
True
Is 191 a factor of 99191839?
True
Is 2694390 a multiple of 290?
True
Is 1872986768 a multiple of 124?
True
Does 231 divide 5026791?
True
Does 25 divide 147781075?
True
Is 6251771 a multiple of 47?
False
Is 1304708 a multiple of 743?
True
Does 27 divide 134856198?
True
Is 11 a factor of 12311288?
True
Does 253 divide 117157729?
False
Is 38557806 a multiple of 294?
True
Is 655483555 a multiple of 461?
False
Does 37 divide 2033483?
True
Is 29 a factor of 11249105?
False
Is 2080 a factor of 1102533120?
True
Is 1958 a factor of 3418294022?
True
Does 5 divide 2371000?
True
Is 760 a factor of 384082574?
False
Does 79 divide 26969889?
True
Is 23 a factor of 21843169?
True
Is 97 a factor of 215679015?
True
Does 239 divide 92815537?
False
Does 6 divide 4331631?
False
Does 4451 divide 314485405?
True
Is 369 a factor of 6629133371?
False
Is 133137922 a multiple of 158?
False
Does 251 divide 37859244?
False
Does 35 divide 9058741?
False
Is 644 a factor of 292300008?
True
Does 176 divide 49332099?
False
Is 2910651 a multiple of 95?
False
Does 909 divide 461598924?
False
Is 607898208 a multiple of 155?
False
Is 4 a factor of 248114072?
True
Is 709137582 a multiple of 237?
False
Is 91 a factor of 216307?
True
Is 301 a factor of 553994710?
False
Does 287 divide 649659319?
False
Is 6106284 a multiple of 6?
True
Is 12 a factor of 476628936?
True
Is 26246860 a multiple of 734?
False
Is 77 a factor of 218512315?
False
Is 503 a factor of 221422091?
False
Does 82 divide 187416822?
True
Is 300 a factor of 4292100?
True
Is 155 a factor of 105563593?
False
Does 604 divide 67209496?
True
Is 3293676676 a multiple of 172?
True
Does 34 divide 5810218?
False
Is 390415 a multiple of 8?
False
Is 175765225 a multiple of 459?
False
Does 633 divide 147073752?
True
Is 55 a factor of 5822685?
True
Does 281 divide 52491924?
True
Is 36 a factor of 182444868?
True
Is 688370360 a multiple of 118?
False
Is 326188076 a multiple of 18?
False
Does 2413 divide 225293840?
False
Is 443595227 a multiple of 1200?
False
Is 51505200 a multiple of 270?
True
Does 284 divide 1146473236?
False
Is 84 a factor of 78269557?
False
Is 2969348280 a multiple of 145?
True
Is 1267431617 a multiple of 16?
False
Is 3409 a factor of 6997079047?
False
Is 6 a factor of 28350261?
False
Does 15 divide 3481542?
False
Is 52511150 a multiple of 4735?
True
Does 7 divide 10344285?
True
Is 2244 a factor of 44209258?
False
Is 767461725 a multiple of 25?
True
Is 2085 a factor of 1434769883?
False
Does 176 divide 862124208?
True
Is 4 a factor of 29122152?
True
Is 282492838 a multiple of 199?
True
Does 7 divide 1651443?
False
Is 33381075 a multiple of 2555?
True
Is 26 a factor of 822129?
False
Is 968487895 a multiple of 256?
False
Does 12 divide 139653088?
False
Does 1274 divide 49140728?
True
Is 2781 a factor of 1282077264?
False
Does 2916 divide 496376100?
True
Is 21 a factor of 8842203720?
True
Is 680575330 a multiple of 411?
False
Does 1980 divide 135057780?
True
Is 3 a factor of 1331464080?
True
Does 3275 divide 110075674?
False
Is 382504753 a multiple of 2573?
True
Is 263789733 a multiple of 2737?
False
Is 43268944 a multiple of 1016?
False
Is 11634 a factor of 2232351954?
False
Does 1562 divide 626894858?
False
Is 1192826703 a multiple of 2188?
False
Is 14833690 a multiple of 95?
False
Does 3246 divide 1409169750?
True
Does 2471 divide 1335652101?
True
Is 866 a factor of 287176858?
True
Does 1376 divide 192175799?
False
Does 88 divide 83856513?
False
Is 8 a factor of 624187136?
True
Does 15 divide 88305872?
False
Is 836068125 a multiple of 2500?
False
Is 5 a factor of 6575111?
False
Does 20 divide 72536400?
True
Is 17 a factor of 4640490?
True
Is 123 a factor of 113774174?
False
Is 3464148 a multiple of 781?
False
Is 138 a factor of 19361270?
False
Does 127 divide 148380958?
True
Is 42 a factor of